w.
2, 3
Suppose 4*h = -5*k + 122, 5*k - 3*h - 208 = -72. Let a = k - 24. Suppose a*d - d = 25. What are the prime factors of d?
5
Let f(d) = -16*d**2 - 11*d + 10. Let j be f(-3). Suppose 2 = k, 2*k = 2*y - y + 176. Let x = j - y. What are the prime factors of x?
71
Let q be (2 + -3)/((-2)/6). Suppose r = 2*n - 4*r - 1282, 3236 = 5*n + q*r. What are the prime factors of n?
2, 17, 19
Let v = 352 - 353. List the prime factors of (36/(-180))/(v/5)*67.
67
Let d = 84390 + -9667. List the prime factors of d.
11, 6793
Let l(d) = -4*d**2 + d - 47. Let b be l(7). List the prime factors of b/(-14) + (6 - 205/35).
17
Suppose -20399 = 11*n + 18365. Let z = 5268 + n. Suppose 3*m + 5*m = z. List the prime factors of m.
2, 109
Suppose -7*d + 12865 = 4997. Let u = d - 427. What are the prime factors of u?
17, 41
Suppose -15*w + 144319 = 11029. List the prime factors of w.
2, 3, 1481
Let x = 23293 - 16686. What are the prime factors of x?
6607
Let j = -282 - -264. List the prime factors of 2902/(8 - j/(-3)).
1451
Suppose -8*x = -2*o - 6*x + 41958, -5*o = 4*x - 104949. List the prime factors of o.
3, 5, 1399
Let i(q) = -156*q**3 + 2*q**2 - 3*q - 4. Let k be i(-1). Let h = k + -88. Let p = 130 - h. List the prime factors of p.
61
Suppose 4*d = 4*j + 17924, -4*d + 1445 + 16481 = -2*j. What are the prime factors of d?
2, 3, 83
Let g(o) = 2*o**2 + 71*o + 622. List the prime factors of g(67).
7, 293
Let w(t) = 8 + 13 - 6 + 17*t**2 + 370*t**3 - 369*t**3 + 36*t. What are the prime factors of w(-14)?
3, 11
Let c = -3 + 6. Suppose 0 = c*b + 9, 5*n - 2225 = -8*b + 3*b. List the prime factors of n.
2, 7
Let z(s) = -93*s + 162. Let n be z(-15). Suppose -5532 = -4*h + 4*y, -2*y + 177 = -h + n. List the prime factors of h.
2, 3, 7, 11
Suppose 2*u = -4*m + 6106 + 2010, 21 = 3*m. List the prime factors of u.
2, 3, 337
Let w(n) = 387*n**2 + 61*n + 77. What are the prime factors of w(-6)?
7, 1949
Let p(j) = 70*j**2 - 15*j - 377. List the prime factors of p(-17).
2, 11, 457
Let t(d) = -15*d**2 + 9*d. Let y be t(2). What are the prime factors of 2/7 - 18426/y?
439
List the prime factors of (-53)/((-742)/52836) - (0 - (-9 + 2)).
3767
Suppose d + 0*i = 4*i - 62, d + 44 = -5*i. Let m = 480 + d. What are the prime factors of m?
2, 3, 71
Let t(q) = -q**3 - 33*q**2 - 108*q + 76. List the prime factors of t(-35).
2, 3, 1051
Let i = 733 - 754. What are the prime factors of 2022 - (i/7 + 11)?
2, 19, 53
Suppose -5*p - 3*i = 0, 25 = 2*p - i + 14. What are the prime factors of (((-4)/6)/2)/(p/(-351))?
3, 13
Suppose 0 = 189*c - 190*c + 2. Suppose -c*u = -4*k - 2160, -16*u = -11*u + 3*k - 5335. List the prime factors of u.
2, 5, 107
Let g be (-4)/18 + 1792/126. Suppose -18*o = -g*o - 2244. What are the prime factors of o?
3, 11, 17
Let s(q) = 118*q - 8. Let z be s(3). Let a = 510 - z. What are the prime factors of a?
2, 41
Let o be ((-7)/(-28) + 3/(-4))*-698. Let i = 152 + o. What are the prime factors of i?
3, 167
Suppose -2*a = n - 42340, -42347 = 72*n - 73*n - 3*a. What are the prime factors of n?
2, 21163
Suppose 39*a + 14010 = 69*a. What are the prime factors of a?
467
List the prime factors of ((-315)/12 + 15)/(0 + (-6)/4304).
2, 3, 5, 269
Let a be (-9)/(-4 - -3) - -1. What are the prime factors of -1220*(-5)/a + 0?
2, 5, 61
Suppose -4*p + 10699 = -0*p + 5*i, -3*i = -4*p + 10739. Suppose -639 = -10*h + p. What are the prime factors of h?
2, 83
Let n be (1/(9/(-12)))/(12/(-126)). Let d(x) = -2*x**3 + 33*x**2 - 2*x - 25. List the prime factors of d(n).
3, 103
Suppose -z + 43427 = -6*p + 10*p, -z + 43433 = 3*p. List the prime factors of z.
43451
Let p = 41 + -236. Let j = -149 - p. List the prime factors of j.
2, 23
Suppose 4*b + b + 225 = 0. Let m be 38/5 - 18/b. Suppose m*w - w = 371. What are the prime factors of w?
53
What are the prime factors of 1111995/180*8/3?
2, 8237
Suppose 2*p + g - 319 = 0, p = g + 248 - 81. Suppose 2*l = 5*y + 6*l - p, -3*l - 108 = -3*y. Suppose o - y = 55. List the prime factors of o.
89
Let o = -282 + 286. Suppose 4*k - o*n = 7*k - 310, 5*n = 5*k - 470. What are the prime factors of k?
2, 7
Suppose -55*s + 84 = -48*s. Suppose -s*y = -17*y + 1305. What are the prime factors of y?
3, 29
Let r be ((-16)/20)/(12/(-330)). Suppose -r*q + 3104 = -1846. List the prime factors of q.
3, 5
Let b = -136372 - -196810. What are the prime factors of b?
2, 3, 7, 1439
Let a be 1 - -1 - (-2 + -1 + 3). Suppose 1040 = 3*r + j, 9*r - 1748 = 4*r + a*j. Let f = -217 + r. List the prime factors of f.
131
Let x(h) be the third derivative of h**5/30 - 5*h**4/24 + h**3/2 + h**2. Suppose 0 = i + 3*z - 9, -6*i - 10 = -7*i - 4*z. List the prime factors of x(i).
3, 5
Let i(a) = a**3 + 19*a**2 - 34*a + 87. What are the prime factors of i(13)?
31, 163
Let t(r) = -3*r - 20. Let x be t(-5). Let w(y) = 2*y**3 + 8*y**2 - y - 7. Let k be w(x). List the prime factors of ((-6)/(-2))/((-1)/(1 + k)).
3, 17
Let u(t) = 72*t + 306. Let q(d) = 48*d + 204. Let c(p) = -7*q(p) + 5*u(p). What are the prime factors of c(17)?
2, 3, 5, 17
Let d(f) = f**3 + 11*f**2 + 12*f. Let b be (-4)/36 + 186/(-27). Let u be d(b). Let g = -8 + u. What are the prime factors of g?
2, 13
Let j(y) = 64*y**2 - 3*y + 2. Let a be j(-1). Suppose -4*d + a = 5*m - 2*m, -2*m - 10 = 0. What are the prime factors of (1044/d)/(10/35)?
2, 3, 29
Let d(a) be the second derivative of -a**4/12 - a**3 + 11*a**2 - a. Let p be d(-14). Let u = p + 160. What are the prime factors of u?
2, 5, 7
Let p be -7 + 16/(-56)*-14. What are the prime factors of (4/(-10))/(p/7140)?
2, 7, 17
Let c(d) = -d**3 + d**2 - 2*d. Let z be c(0). Suppose z = 5*s, 3*h + 3*s = -2*h + 2200. Suppose 0 = 5*x - 13*x + h. What are the prime factors of x?
5, 11
Let q = 20046 - 14292. What are the prime factors of q?
2, 3, 7, 137
List the prime factors of 22/55 - (-19)/(855/1500192).
2, 79, 211
Suppose 37161 + 33711 = 8*l. Suppose 6917 + l = 29*o. What are the prime factors of o?
2, 17
Let z be ((-6)/48*0)/(0 + -2). What are the prime factors of z + (-4)/10 - 45167/(-155)?
3, 97
Suppose -77*a - 80835 = -3*p - 80*a, 4*a = p - 26955. What are the prime factors of p?
26947
Let g be (3 + -1)*-15*(-7)/70. Suppose g*p - 2738 = 796. What are the prime factors of p?
2, 19, 31
Let i = 1407 + -267. Suppose 3*d = 4*h + 71 - i, -2*h + 527 = d. List the prime factors of h.
5, 53
Let g = -17042 - -79982. What are the prime factors of g?
2, 3, 5, 1049
Suppose 68*o = 52*o + 48. Suppose -s + 599 = q, -o*s + 1094 + 703 = -q. List the prime factors of s.
599
Let w be ((18/(-15) - -2)*-5)/2. Let q = 28 + w. Let v = 72 - q. What are the prime factors of v?
2, 23
Suppose 4*q - 98*q - 10*q = -1762800. What are the prime factors of q?
2, 3, 5, 113
Let r = 183 - 131. Let m = -49 + r. Suppose -4*c - 2*d = -466, 0 = m*c + d - 2*d - 347. List the prime factors of c.
2, 29
Suppose -5*j = -6*x + 10*x - 80, 0 = x - 4*j - 41. Suppose -5*t = x, 17*m = 19*m + 2*t - 1428. What are the prime factors of m?
719
Let x(l) = 2*l + 26. Let d be x(9). Let p = d - 35. Suppose -p*z + 146 = -8*z. List the prime factors of z.
2, 73
Suppose i - 5*p + 926 = -0*i, 3*i + 2742 = 3*p. Let v = i + 2111. What are the prime factors of v?
2, 3, 5
Let s(q) = -80*q + 2. Let h be s(-2). Suppose -102*v + 95*v = 630. Let y = h + v. List the prime factors of y.
2, 3
Let x(w) = 22*w**2 - 5*w + 160. List the prime factors of x(20).
2, 5, 443
Let g = 387 - 432. List the prime factors of (8 - 10737/g) + (-4)/(-10).
13, 19
Suppose 33*z - 31*z + 8 = 0, 3*i + 2*z = 29962. What are the prime factors of i?
2, 3, 5, 37
Let w(g) = -g + 3. Let l be w(0). Suppose -2*y + 12 = v + 2, -y = 5*v - 23. Suppose v*q + 2*r - l*r = 160, -4*q = -3*r - 168. What are the prime factors of q?
3, 13
Suppose 588*i - 33699 = 578*i + 27861. What are the prime factors of i?
2, 3, 19
Suppose -d = 3*d - 52. Let z(f) = 10*f**2 + 3 - 8*f**2 + d*f + 7. What are the prime factors of z(-7)?
17
Let c(y) = 33*y + 36. Suppose -n = 4*u - 20, -u - 21 = -3*n - 0*u. List the prime factors of c(n).
2, 3, 5
Let n = 1184 + -614. Let l = -336 + n. List the prime factors of l.
2, 3, 13
Let m be ((-40)/(-6))/(-4)*12/(-10). List the prime factors of (2444/(-10))/(108/(-135))*m.
13, 47
Suppose -2*l = 3*x, 4*l = -x + 2*x. Suppose -4*m - 3*g + 7*g + 8 = x, -5*m - 4 = 2*g. Suppose 4*t - 151 - 613